{"id":689,"date":"2024-09-21T15:46:41","date_gmt":"2024-09-21T21:46:41","guid":{"rendered":"https:\/\/congresoportuarioymaritimo.cpn.gob.gt\/?page_id=689"},"modified":"2025-10-17T11:00:50","modified_gmt":"2025-10-17T17:00:50","slug":"contacto","status":"publish","type":"page","link":"https:\/\/congresoportuarioymaritimo.cpn.gob.gt\/?page_id=689","title":{"rendered":"Contacto"},"content":{"rendered":"\t\t<div data-elementor-type=\"wp-page\" data-elementor-id=\"689\" class=\"elementor elementor-689\" data-elementor-post-type=\"page\">\n\t\t\t\t<div class=\"elementor-element elementor-element-6207914a e-flex e-con-boxed e-con e-parent\" data-id=\"6207914a\" data-element_type=\"container\" data-settings=\"{&quot;background_background&quot;:&quot;classic&quot;}\">\n\t\t\t\t\t<div class=\"e-con-inner\">\n\t\t<div class=\"elementor-element elementor-element-15195eb0 e-con-full e-flex e-con e-child\" data-id=\"15195eb0\" data-element_type=\"container\">\n\t\t\t\t<div class=\"elementor-element elementor-element-608bb773 elementor-widget elementor-widget-heading\" data-id=\"608bb773\" data-element_type=\"widget\" data-widget_type=\"heading.default\">\n\t\t\t\t<div class=\"elementor-widget-container\">\n\t\t\t\t\t<h1 class=\"elementor-heading-title elementor-size-default\">Cont\u00e1ctanos<\/h1>\t\t\t\t<\/div>\n\t\t\t\t<\/div>\n\t\t\t\t<div class=\"elementor-element elementor-element-61d0aff2 elementor-widget elementor-widget-heading\" data-id=\"61d0aff2\" data-element_type=\"widget\" data-widget_type=\"heading.default\">\n\t\t\t\t<div class=\"elementor-widget-container\">\n\t\t\t\t\t<h4 class=\"elementor-heading-title elementor-size-default\">Estamos aqu\u00ed para ayudarte. No dudes en contactarnos para resolver tus dudas y necesidades.<\/h4>\t\t\t\t<\/div>\n\t\t\t\t<\/div>\n\t\t\t\t<\/div>\n\t\t\t\t\t<\/div>\n\t\t\t\t<\/div>\n\t\t<div class=\"elementor-element elementor-element-1c7706af e-grid e-con-boxed e-con e-parent\" data-id=\"1c7706af\" data-element_type=\"container\" data-settings=\"{&quot;background_background&quot;:&quot;classic&quot;}\">\n\t\t\t\t\t<div class=\"e-con-inner\">\n\t\t<div class=\"elementor-element elementor-element-452322aa e-con-full e-flex e-con e-child\" data-id=\"452322aa\" data-element_type=\"container\">\n\t\t\t\t<div class=\"elementor-element elementor-element-7c3669a3 elementor-view-stacked elementor-shape-circle elementor-position-top elementor-mobile-position-top elementor-widget elementor-widget-icon-box\" data-id=\"7c3669a3\" data-element_type=\"widget\" data-widget_type=\"icon-box.default\">\n\t\t\t\t<div class=\"elementor-widget-container\">\n\t\t\t\t\t\t\t<div class=\"elementor-icon-box-wrapper\">\n\n\t\t\t\t\t\t<div class=\"elementor-icon-box-icon\">\n\t\t\t\t<span  class=\"elementor-icon\">\n\t\t\t\t<i aria-hidden=\"true\" class=\" ti-location-pin\"><\/i>\t\t\t\t<\/span>\n\t\t\t<\/div>\n\t\t\t\n\t\t\t\t\t\t<div class=\"elementor-icon-box-content\">\n\n\t\t\t\t\t\t\t\t\t<div class=\"elementor-icon-box-title\">\n\t\t\t\t\t\t<span  >\n\t\t\t\t\t\t\tCPN\t\t\t\t\t\t<\/span>\n\t\t\t\t\t<\/div>\n\t\t\t\t\n\t\t\t\t\t\t\t\t\t<p class=\"elementor-icon-box-description\">\n\t\t\t\t\t\t6ta Avenida \u201cA\u201d 8-66 zona 9, <br>Ciudad de Guatemala\t\t\t\t\t<\/p>\n\t\t\t\t\n\t\t\t<\/div>\n\t\t\t\n\t\t<\/div>\n\t\t\t\t\t\t<\/div>\n\t\t\t\t<\/div>\n\t\t\t\t<\/div>\n\t\t<div class=\"elementor-element elementor-element-15abec9 e-con-full e-flex e-con e-child\" data-id=\"15abec9\" data-element_type=\"container\">\n\t\t\t\t<div class=\"elementor-element elementor-element-1d14da58 elementor-view-stacked elementor-shape-circle elementor-position-top elementor-mobile-position-top elementor-widget elementor-widget-icon-box\" data-id=\"1d14da58\" data-element_type=\"widget\" data-widget_type=\"icon-box.default\">\n\t\t\t\t<div class=\"elementor-widget-container\">\n\t\t\t\t\t\t\t<div class=\"elementor-icon-box-wrapper\">\n\n\t\t\t\t\t\t<div class=\"elementor-icon-box-icon\">\n\t\t\t\t<span  class=\"elementor-icon\">\n\t\t\t\t<svg aria-hidden=\"true\" class=\"e-font-icon-svg e-fas-envelope\" viewBox=\"0 0 512 512\" xmlns=\"http:\/\/www.w3.org\/2000\/svg\"><path d=\"M502.3 190.8c3.9-3.1 9.7-.2 9.7 4.7V400c0 26.5-21.5 48-48 48H48c-26.5 0-48-21.5-48-48V195.6c0-5 5.7-7.8 9.7-4.7 22.4 17.4 52.1 39.5 154.1 113.6 21.1 15.4 56.7 47.8 92.2 47.6 35.7.3 72-32.8 92.3-47.6 102-74.1 131.6-96.3 154-113.7zM256 320c23.2.4 56.6-29.2 73.4-41.4 132.7-96.3 142.8-104.7 173.4-128.7 5.8-4.5 9.2-11.5 9.2-18.9v-19c0-26.5-21.5-48-48-48H48C21.5 64 0 85.5 0 112v19c0 7.4 3.4 14.3 9.2 18.9 30.6 23.9 40.7 32.4 173.4 128.7 16.8 12.2 50.2 41.8 73.4 41.4z\"><\/path><\/svg>\t\t\t\t<\/span>\n\t\t\t<\/div>\n\t\t\t\n\t\t\t\t\t\t<div class=\"elementor-icon-box-content\">\n\n\t\t\t\t\t\t\t\t\t<div class=\"elementor-icon-box-title\">\n\t\t\t\t\t\t<span  >\n\t\t\t\t\t\t\tEmail \t\t\t\t\t\t<\/span>\n\t\t\t\t\t<\/div>\n\t\t\t\t\n\t\t\t\t\t\t\t\t\t<p class=\"elementor-icon-box-description\">\n\t\t\t\t\t\t<a href=\"mailto:infocongresos@cpn.gob.gt\">infocongresos@cpn.gob.gt<\/a>\n\t\t\t\t\t<\/p>\n\t\t\t\t\n\t\t\t<\/div>\n\t\t\t\n\t\t<\/div>\n\t\t\t\t\t\t<\/div>\n\t\t\t\t<\/div>\n\t\t\t\t<\/div>\n\t\t<div class=\"elementor-element elementor-element-7f4b5dd0 e-con-full e-flex e-con e-child\" data-id=\"7f4b5dd0\" data-element_type=\"container\">\n\t\t\t\t<div class=\"elementor-element elementor-element-1d191f3c elementor-view-stacked elementor-shape-circle elementor-position-top elementor-mobile-position-top elementor-widget elementor-widget-icon-box\" data-id=\"1d191f3c\" data-element_type=\"widget\" data-widget_type=\"icon-box.default\">\n\t\t\t\t<div class=\"elementor-widget-container\">\n\t\t\t\t\t\t\t<div class=\"elementor-icon-box-wrapper\">\n\n\t\t\t\t\t\t<div class=\"elementor-icon-box-icon\">\n\t\t\t\t<span  class=\"elementor-icon\">\n\t\t\t\t<i aria-hidden=\"true\" class=\" icon_phone\"><\/i>\t\t\t\t<\/span>\n\t\t\t<\/div>\n\t\t\t\n\t\t\t\t\t\t<div class=\"elementor-icon-box-content\">\n\n\t\t\t\t\t\t\t\t\t<h3 class=\"elementor-icon-box-title\">\n\t\t\t\t\t\t<span  >\n\t\t\t\t\t\t\tLl\u00e1manos\t\t\t\t\t\t<\/span>\n\t\t\t\t\t<\/h3>\n\t\t\t\t\n\t\t\t\t\t\t\t\t\t<p class=\"elementor-icon-box-description\">\n\t\t\t\t\t\t<a href=\"tel:+502 24194800\">24194800<\/a>\n<\/br>\n<\/br>\n<a>WhatsApp<\/a>\n<\/br>\n<a href=\"tel:+502 4549-4251\">4549-4251<\/a>\n\t\t\t\t\t<\/p>\n\t\t\t\t\n\t\t\t<\/div>\n\t\t\t\n\t\t<\/div>\n\t\t\t\t\t\t<\/div>\n\t\t\t\t<\/div>\n\t\t\t\t<\/div>\n\t\t\t\t\t<\/div>\n\t\t\t\t<\/div>\n\t\t<div class=\"elementor-element elementor-element-3ef80494 e-con-full e-flex e-con e-parent\" data-id=\"3ef80494\" data-element_type=\"container\">\n\t\t\t\t<div class=\"elementor-element elementor-element-6ccb8347 elementor-widget elementor-widget-google_maps\" data-id=\"6ccb8347\" data-element_type=\"widget\" data-widget_type=\"google_maps.default\">\n\t\t\t\t<div class=\"elementor-widget-container\">\n\t\t\t\t\t\t\t<div class=\"elementor-custom-embed\">\n\t\t\t<iframe loading=\"lazy\"\n\t\t\t\t\tsrc=\"https:\/\/maps.google.com\/maps?q=Comisi%C3%B3n%20Portuaria%20Nacional%2C%20Guatemala&#038;t=m&#038;z=14&#038;output=embed&#038;iwloc=near\"\n\t\t\t\t\ttitle=\"Comisi\u00f3n Portuaria Nacional, Guatemala\"\n\t\t\t\t\taria-label=\"Comisi\u00f3n Portuaria Nacional, Guatemala\"\n\t\t\t><\/iframe>\n\t\t<\/div>\n\t\t\t\t\t\t<\/div>\n\t\t\t\t<\/div>\n\t\t\t\t<\/div>\n\t\t\t\t<\/div>\n\t\t\n    <div class=\"xs_social_share_widget xs_share_url after_content \t\tmain_content  wslu-style-1 wslu-share-box-shaped wslu-fill-colored wslu-none wslu-share-horizontal wslu-theme-font-no wslu-main_content\">\n\n\t\t\n        <ul>\n\t\t\t        <\/ul>\n    <\/div> \n","protected":false},"excerpt":{"rendered":"<p>Cont\u00e1ctanos Estamos aqu\u00ed para ayudarte. No dudes en contactarnos para resolver tus dudas y necesidades. CPN 6ta Avenida \u201cA\u201d 8-66 zona 9, Ciudad de Guatemala Email infocongresos@cpn.gob.gt Ll\u00e1manos 24194800 WhatsApp 4549-4251<\/p>\n","protected":false},"author":2,"featured_media":0,"parent":0,"menu_order":0,"comment_status":"closed","ping_status":"closed","template":"elementor_header_footer","meta":{"footnotes":""},"class_list":["post-689","page","type-page","status-publish","hentry"],"yoast_head":"<!-- This site is optimized with the Yoast SEO plugin v26.4 - https:\/\/yoast.com\/wordpress\/plugins\/seo\/ -->\n<title>Contacto - Congreso Portuario y Mar\u00edtimo<\/title>\n<meta name=\"robots\" content=\"index, follow, max-snippet:-1, max-image-preview:large, max-video-preview:-1\" \/>\n<link rel=\"canonical\" href=\"https:\/\/congresoportuarioymaritimo.cpn.gob.gt\/?page_id=689\" \/>\n<meta property=\"og:locale\" content=\"es_ES\" \/>\n<meta property=\"og:type\" content=\"article\" \/>\n<meta property=\"og:title\" content=\"Contacto - Congreso Portuario y Mar\u00edtimo\" \/>\n<meta property=\"og:description\" content=\"Cont\u00e1ctanos Estamos aqu\u00ed para ayudarte. No dudes en contactarnos para resolver tus dudas y necesidades. CPN 6ta Avenida \u201cA\u201d 8-66 zona 9, Ciudad de Guatemala Email infocongresos@cpn.gob.gt Ll\u00e1manos 24194800 WhatsApp 4549-4251\" \/>\n<meta property=\"og:url\" content=\"https:\/\/congresoportuarioymaritimo.cpn.gob.gt\/?page_id=689\" \/>\n<meta property=\"og:site_name\" content=\"Congreso Portuario y Mar\u00edtimo\" \/>\n<meta property=\"article:modified_time\" content=\"2025-10-17T17:00:50+00:00\" \/>\n<meta name=\"twitter:card\" content=\"summary_large_image\" \/>\n<meta name=\"twitter:label1\" content=\"Est. reading time\" \/>\n\t<meta name=\"twitter:data1\" content=\"1 minuto\" \/>\n<script type=\"application\/ld+json\" class=\"yoast-schema-graph\">{\"@context\":\"https:\/\/schema.org\",\"@graph\":[{\"@type\":\"WebPage\",\"@id\":\"https:\/\/congresoportuarioymaritimo.cpn.gob.gt\/?page_id=689\",\"url\":\"https:\/\/congresoportuarioymaritimo.cpn.gob.gt\/?page_id=689\",\"name\":\"Contacto - Congreso Portuario y Mar\u00edtimo\",\"isPartOf\":{\"@id\":\"https:\/\/congresoportuarioymaritimo.cpn.gob.gt\/#website\"},\"datePublished\":\"2024-09-21T21:46:41+00:00\",\"dateModified\":\"2025-10-17T17:00:50+00:00\",\"breadcrumb\":{\"@id\":\"https:\/\/congresoportuarioymaritimo.cpn.gob.gt\/?page_id=689#breadcrumb\"},\"inLanguage\":\"es\",\"potentialAction\":[{\"@type\":\"ReadAction\",\"target\":[\"https:\/\/congresoportuarioymaritimo.cpn.gob.gt\/?page_id=689\"]}]},{\"@type\":\"BreadcrumbList\",\"@id\":\"https:\/\/congresoportuarioymaritimo.cpn.gob.gt\/?page_id=689#breadcrumb\",\"itemListElement\":[{\"@type\":\"ListItem\",\"position\":1,\"name\":\"Home\",\"item\":\"https:\/\/congresoportuarioymaritimo.cpn.gob.gt\/\"},{\"@type\":\"ListItem\",\"position\":2,\"name\":\"Contacto\"}]},{\"@type\":\"WebSite\",\"@id\":\"https:\/\/congresoportuarioymaritimo.cpn.gob.gt\/#website\",\"url\":\"https:\/\/congresoportuarioymaritimo.cpn.gob.gt\/\",\"name\":\"Congreso Portuario y Mar\u00edtimo\",\"description\":\"Portuario y Mar\u00edtimo 2025\",\"potentialAction\":[{\"@type\":\"SearchAction\",\"target\":{\"@type\":\"EntryPoint\",\"urlTemplate\":\"https:\/\/congresoportuarioymaritimo.cpn.gob.gt\/?s={search_term_string}\"},\"query-input\":{\"@type\":\"PropertyValueSpecification\",\"valueRequired\":true,\"valueName\":\"search_term_string\"}}],\"inLanguage\":\"es\"}]}<\/script>\n<!-- \/ Yoast SEO plugin. -->","yoast_head_json":{"title":"Contacto - Congreso Portuario y Mar\u00edtimo","robots":{"index":"index","follow":"follow","max-snippet":"max-snippet:-1","max-image-preview":"max-image-preview:large","max-video-preview":"max-video-preview:-1"},"canonical":"https:\/\/congresoportuarioymaritimo.cpn.gob.gt\/?page_id=689","og_locale":"es_ES","og_type":"article","og_title":"Contacto - Congreso Portuario y Mar\u00edtimo","og_description":"Cont\u00e1ctanos Estamos aqu\u00ed para ayudarte. No dudes en contactarnos para resolver tus dudas y necesidades. CPN 6ta Avenida \u201cA\u201d 8-66 zona 9, Ciudad de Guatemala Email infocongresos@cpn.gob.gt Ll\u00e1manos 24194800 WhatsApp 4549-4251","og_url":"https:\/\/congresoportuarioymaritimo.cpn.gob.gt\/?page_id=689","og_site_name":"Congreso Portuario y Mar\u00edtimo","article_modified_time":"2025-10-17T17:00:50+00:00","twitter_card":"summary_large_image","twitter_misc":{"Est. reading time":"1 minuto"},"schema":{"@context":"https:\/\/schema.org","@graph":[{"@type":"WebPage","@id":"https:\/\/congresoportuarioymaritimo.cpn.gob.gt\/?page_id=689","url":"https:\/\/congresoportuarioymaritimo.cpn.gob.gt\/?page_id=689","name":"Contacto - Congreso Portuario y Mar\u00edtimo","isPartOf":{"@id":"https:\/\/congresoportuarioymaritimo.cpn.gob.gt\/#website"},"datePublished":"2024-09-21T21:46:41+00:00","dateModified":"2025-10-17T17:00:50+00:00","breadcrumb":{"@id":"https:\/\/congresoportuarioymaritimo.cpn.gob.gt\/?page_id=689#breadcrumb"},"inLanguage":"es","potentialAction":[{"@type":"ReadAction","target":["https:\/\/congresoportuarioymaritimo.cpn.gob.gt\/?page_id=689"]}]},{"@type":"BreadcrumbList","@id":"https:\/\/congresoportuarioymaritimo.cpn.gob.gt\/?page_id=689#breadcrumb","itemListElement":[{"@type":"ListItem","position":1,"name":"Home","item":"https:\/\/congresoportuarioymaritimo.cpn.gob.gt\/"},{"@type":"ListItem","position":2,"name":"Contacto"}]},{"@type":"WebSite","@id":"https:\/\/congresoportuarioymaritimo.cpn.gob.gt\/#website","url":"https:\/\/congresoportuarioymaritimo.cpn.gob.gt\/","name":"Congreso Portuario y Mar\u00edtimo","description":"Portuario y Mar\u00edtimo 2025","potentialAction":[{"@type":"SearchAction","target":{"@type":"EntryPoint","urlTemplate":"https:\/\/congresoportuarioymaritimo.cpn.gob.gt\/?s={search_term_string}"},"query-input":{"@type":"PropertyValueSpecification","valueRequired":true,"valueName":"search_term_string"}}],"inLanguage":"es"}]}},"_links":{"self":[{"href":"https:\/\/congresoportuarioymaritimo.cpn.gob.gt\/index.php?rest_route=\/wp\/v2\/pages\/689","targetHints":{"allow":["GET"]}}],"collection":[{"href":"https:\/\/congresoportuarioymaritimo.cpn.gob.gt\/index.php?rest_route=\/wp\/v2\/pages"}],"about":[{"href":"https:\/\/congresoportuarioymaritimo.cpn.gob.gt\/index.php?rest_route=\/wp\/v2\/types\/page"}],"author":[{"embeddable":true,"href":"https:\/\/congresoportuarioymaritimo.cpn.gob.gt\/index.php?rest_route=\/wp\/v2\/users\/2"}],"replies":[{"embeddable":true,"href":"https:\/\/congresoportuarioymaritimo.cpn.gob.gt\/index.php?rest_route=%2Fwp%2Fv2%2Fcomments&post=689"}],"version-history":[{"count":13,"href":"https:\/\/congresoportuarioymaritimo.cpn.gob.gt\/index.php?rest_route=\/wp\/v2\/pages\/689\/revisions"}],"predecessor-version":[{"id":1532,"href":"https:\/\/congresoportuarioymaritimo.cpn.gob.gt\/index.php?rest_route=\/wp\/v2\/pages\/689\/revisions\/1532"}],"wp:attachment":[{"href":"https:\/\/congresoportuarioymaritimo.cpn.gob.gt\/index.php?rest_route=%2Fwp%2Fv2%2Fmedia&parent=689"}],"curies":[{"name":"wp","href":"https:\/\/api.w.org\/{rel}","templated":true}]}}